nd r?
8
Let m = 687 - 132. Calculate the greatest common factor of m and 15.
15
Suppose 22*t - 26*t = -528. Suppose 2*a = 5*a - 36. Calculate the greatest common divisor of a and t.
12
Suppose 0 = -3*y - 12, -56 - 116 = -3*p - 5*y. Let z be -34 + (-3 + 2)*0. Let b = p - z. Calculate the greatest common divisor of 14 and b.
14
Let c(w) = 3*w**2 - 2*w + 1. Let x be c(-1). What is the greatest common factor of 34 and x?
2
Suppose 0 = -5*q + 11 - 1. Suppose q*g + 60 = 4*b - 2*g, -5*g = 25. What is the greatest common divisor of 40 and b?
10
Let s be (-172)/(-3)*(-432)/(-288). Calculate the highest common factor of s and 258.
86
Let n be (-1)/((-290)/96 - -3). Let i = 29 + n. Suppose -q + 5*q - 44 = 0. What is the highest common divisor of i and q?
11
Let a(f) be the first derivative of f**3/3 + f**2 + 2*f + 3. Let c be a(0). What is the greatest common divisor of 4 and c?
2
Suppose -4159 = -20*s - 1159. Calculate the highest common divisor of 375 and s.
75
Suppose -4*h + 0*h = -16. Suppose -2*t + 36 = 3*n, 0 = -h*t - 5*n - 2 + 74. What is the greatest common divisor of 27 and t?
9
Let g = 697 + -411. What is the greatest common divisor of g and 88?
22
Suppose -400 = -4*a + 2*b, 5*a + 4*b - 486 = 3*b. Calculate the highest common divisor of a and 56.
14
Let b be (-36)/(-3) + -19 + 13. Suppose -10 = o - 3*o. Suppose -17 = o*i + 3, -5*i = -q + 50. Calculate the highest common factor of q and b.
6
Let z be -3 - (-7 - (-3)/6*2). Let n be (3 - 7)/(1 - z/2). What is the highest common divisor of 12 and n?
4
Let d(x) = -x**3 - x**2 + 22*x - 20. Let c be d(-10). What is the greatest common factor of 60 and c?
60
Let t(w) = 4*w - 18. Let d be t(5). Let p be ((-20)/(d + -1))/((-31)/682). Calculate the greatest common divisor of 40 and p.
40
Let p be ((-48)/(-9))/((-16)/(-120)). Let a(d) = d**2 + 7*d - 13. Let i be a(-9). What is the highest common divisor of p and i?
5
Let r = -1379 + 2156. Calculate the highest common factor of 21 and r.
21
Let t be -4*737/22*-2. What is the highest common divisor of 4 and t?
4
Suppose -z = 3*k + k - 16, -12 = -3*z. Suppose q - 11 = k. What is the greatest common divisor of q and 21?
7
Let u(j) = j**2 + 17*j - 60. Let y be u(-26). Calculate the highest common factor of 6 and y.
6
Let t(c) = 6*c + 53. Let b be t(-8). Calculate the highest common factor of b and 105.
5
Suppose 0 = -4*p + 6 + 10. Suppose 2*i - 2*c + 6 = 0, -p*c - c + 25 = 0. Suppose i*o - 3*o + 15 = 0. What is the highest common divisor of 10 and o?
5
Let v = 4 - 4. Suppose 2*f - y = -v*f + 9, 4*y + 6 = -2*f. Suppose 2*r + f = 7. What is the greatest common divisor of 16 and r?
2
Let z = 193 - 135. Suppose -130 = -2*a - 4*j, -3*j + z = a - 8*j. What is the highest common factor of a and 7?
7
Let s be (-6)/(-3)*(-52)/8. Let i = -13 + s. Let u = i + 53. What is the greatest common divisor of u and 243?
27
Suppose 183*m = 185*m - 256. Suppose 2*b - 38 = -2*h, 2*b + 0*b + h - 35 = 0. Calculate the highest common divisor of m and b.
16
Let o be 1/3 + 2975/75. Calculate the greatest common divisor of o and 256.
8
Suppose -p = 2*r - 379, -3*r - 4*p + 543 = -23. Suppose -4*z = -5*f - 2*z + 170, -r = -5*f - 2*z. Calculate the greatest common divisor of 54 and f.
18
Let x = 53 + 43. Let i(y) be the second derivative of 2*y**3 + 18*y. Let u be i(1). Calculate the highest common divisor of u and x.
12
Let l = 46 - 43. Suppose -5*n - 122 = -v, 0*n = -l*v + n + 338. Calculate the greatest common factor of 14 and v.
14
Suppose 0 = -5*k + 2*q + 34, 5*q = 2*k - k - 16. Let u(h) = -h**3 + 6*h**2 + 4*h - 4. Let d be u(k). Calculate the highest common factor of 15 and d.
5
Let z be 7/(-1 - -2) - 1. Let m be 2/z + (-96)/(-9). Suppose 5*j + w + w - 63 = 0, -8 = -2*w. Calculate the greatest common divisor of j and m.
11
Suppose -22*f + 5*t = -26*f + 58, -4*f + 5*t = -38. What is the greatest common factor of f and 84?
12
Suppose -236 = -3*d - 65. Let p be 2/((-1)/(-114)*3). Suppose -p = -3*v + v. Calculate the highest common divisor of d and v.
19
Suppose 1 - 31 = -6*u. Suppose u*k - 4*y - 22 = 0, -1 = 2*k + 2*y + 1. Let p be -28*3/(-12)*k. Calculate the highest common divisor of 14 and p.
14
Let t = 415 + -9. What is the highest common factor of t and 14?
14
Suppose 4*s = -10*n + 5*n + 131, -3*n + 24 = s. Let x be 1/2 + 3/(-2). Let t be ((-2)/(-3))/(x/(-39)). What is the highest common divisor of t and s?
13
Suppose 3*d = a + 13, -4*a - 4*d - 12 - 8 = 0. Let w be (-2)/a + 300/(-21). Let h be (21/w)/(6/(-16)). What is the greatest common factor of 44 and h?
4
Let f(i) = i**2 + i - 7. Let q be f(-3). Let l be 0/((q + -1)/(-1)). Suppose 6*k - 4*k - 36 = l. What is the greatest common factor of k and 9?
9
Let k = 368 - -79. Suppose -2*y + k = -3*d, 2*y + 3*d - 708 = -y. Calculate the highest common factor of 21 and y.
21
Let o = 44 - 30. Suppose 4*w = 343 - 103. Let f = 95 - w. What is the highest common divisor of o and f?
7
Suppose 6*y + 1167 = -1089. Let d = -57 - y. What is the highest common factor of 29 and d?
29
Suppose 2*m - 7 = -1. Suppose 3*l - 7*k + m*k - 289 = 0, 4*l = -2*k + 400. Let r = 7 + 2. What is the greatest common factor of l and r?
9
Let b(t) = -t**3 + 4*t**2 + 14*t - 2. Let p = -62 - -68. Let j be b(p). What is the highest common factor of 5 and j?
5
Let d(r) = 2*r**2 + 5*r - 2. Let x be d(4). Let z = -24 + x. Let t = z + -12. What is the greatest common factor of 42 and t?
14
Suppose 0 = n - 1, -3*t - 4*n - 8 = -4*t. Calculate the highest common factor of t and 8.
4
Suppose -4*v + 163 = -5*b, -45 - 42 = -2*v - 3*b. Calculate the greatest common divisor of 462 and v.
42
Let n = 1036 + 394. Calculate the highest common divisor of 11 and n.
11
Suppose 5*w = 5*n - 6*n + 320, -5*w = -4*n - 320. What is the highest common divisor of 24 and w?
8
Let u(l) = 8*l - 3 - 7 + 9. Let t be u(5). Suppose t = 6*m - 3. What is the greatest common factor of m and 7?
7
Let b(o) = 63*o - 163. Let k be b(5). What is the greatest common divisor of 19 and k?
19
Let d be (0 + (-110)/(-6))/(1/3). What is the greatest common divisor of 44 and d?
11
Suppose 2*j - 34 = -y, -3*j + 54 - 263 = -5*y. Let g(i) = i**2 + 28*i + 101. Let l be g(-24). Calculate the highest common factor of l and y.
5
Suppose 2*z - z = -15. Let l = 23 - -1. Let i be (l/z)/(2/(-35)). What is the greatest common divisor of 7 and i?
7
Suppose 0 = -d + 2*g + 97, -2*g = -d - 3*g + 100. Suppose 0 = -2*r - 27 - 81. Let v be (2/3)/((-4)/r). Calculate the highest common divisor of d and v.
9
Let l(c) = -23*c - 21. Let p be l(-1). Calculate the highest common factor of 110 and p.
2
Let h(u) = -14*u + 199. Let o be h(14). What is the greatest common divisor of 162 and o?
3
Let z(n) = -n + 15. Let k be z(20). Let l be (-3 + 4)/(k/(-125)). Calculate the greatest common divisor of l and 10.
5
Let g be 11/(-33) - 292/6. Let v = -37 - g. Calculate the greatest common divisor of v and 60.
12
Let x be 3 + 256 + (-25)/(20/(-4)). What is the greatest common factor of 24 and x?
24
Let i(n) = -11*n + 23. Let g be i(-11). Let o = -99 + g. What is the greatest common factor of o and 9?
9
Suppose 0 = 4*y + 5*y + 1674. Let h = y - -306. Calculate the greatest common factor of 12 and h.
12
Let k(r) = 9*r**2 + r. Let g be k(1). Let m = -35 + 38. Suppose 145 = 4*j - 5*l, -m*j + 2*l + 108 = -2*l. Calculate the highest common divisor of g and j.
10
Suppose q = 5*q - 5*s - 224, 4*q - 224 = -2*s. Calculate the highest common divisor of 16 and q.
8
Let r be 20/(-3)*(-6)/4. Let l(h) = -h + 7. Let x be l(5). Suppose 6 = x*v - 4, -i + 3*v = -5. What is the highest common factor of i and r?
10
Let d(j) be the first derivative of -17*j**3/3 - 3*j**2/2 - j + 6. Let s be d(-3). Let h = -97 - s. Calculate the greatest common divisor of h and 6.
6
Suppose 6*f - 1155 = -5*f. What is the highest common divisor of 15 and f?
15
Suppose 4*q = -5*q + 369. Suppose 44*s = q*s + 3. What is the highest common factor of 2 and s?
1
Let y(j) = 2*j + 23. Let f be y(-11). What is the greatest common factor of 5 and f?
1
Suppose 42*v - 40*v - 21 = -5*p, 12 = -4*p. Suppose 0 = z + z - 144. What is the highest common factor of v and z?
18
Let v = -1025 + 1119. Calculate the highest common factor of v and 1175.
47
Suppose -2*i + 2 + 2 = 0. Suppose -3*h + 2*h + i = 0. Suppo